{"id":123,"date":"2023-12-31T13:36:20","date_gmt":"2023-12-31T13:36:20","guid":{"rendered":"https:\/\/detlefburket.de\/?page_id=123"},"modified":"2024-05-25T14:26:37","modified_gmt":"2024-05-25T14:26:37","slug":"ueber-mich","status":"publish","type":"page","link":"https:\/\/detlefburket.de\/?page_id=123","title":{"rendered":"\u00dcber Mich"},"content":{"rendered":"\n<div class=\"wp-block-columns alignwide is-layout-flex wp-container-core-columns-is-layout-1 wp-block-columns-is-layout-flex\">\n<div class=\"wp-block-column is-layout-flow wp-block-column-is-layout-flow\">\n<figure class=\"wp-block-image alignright size-full is-style-rounded wp-duotone-unset-1\"><img loading=\"lazy\" decoding=\"async\" width=\"282\" height=\"424\" src=\"https:\/\/detlefburket.de\/wp-content\/uploads\/2023\/12\/portrait_14-1.jpg\" alt=\"\" class=\"wp-image-140\" srcset=\"https:\/\/detlefburket.de\/wp-content\/uploads\/2023\/12\/portrait_14-1.jpg 282w, https:\/\/detlefburket.de\/wp-content\/uploads\/2023\/12\/portrait_14-1-200x300.jpg 200w\" sizes=\"(max-width: 282px) 100vw, 282px\" \/><\/figure>\n<\/div>\n\n\n\n<div class=\"wp-block-column is-layout-flow wp-block-column-is-layout-flow\">\n<h2 class=\"wp-block-heading\">\u00dcber Mich<\/h2>\n\n\n\n<p><strong>1965 in Neuss geboren<\/strong><\/p>\n\n\n\n<p><strong>Kompetenz:<\/strong><br>Musikexamen in K\u00f6ln (Klavier, Gesang, Schlagzeug)<br>Studium der Musiktherapie in M\u00fcnster<br>Seit \u00fcber 30 Jahren Dozent an der St\u00e4dtischen Musikschule<br>in Neuss und seit \u00fcber 10 Jahren an der St\u00e4dtischen Musikschule in Dormagen.<\/p>\n\n\n\n<p><strong>Erfahrung:<\/strong><br>Seit mehr als 30 Jahren Auftrittserfahrung als Pianist und Keyboarder bei privaten Feierlichkeiten aller Art, Galas, Messen, Radio, Firmenveranstaltungen, Jubil\u00e4en, Kreuzfahrten u.v.m.<\/p>\n\n\n\n<p>\u2026 und vielleicht demn\u00e4chst auch bei Ihnen!<\/p>\n<\/div>\n<\/div>\n\n\n\n<p><\/p>\n","protected":false},"excerpt":{"rendered":"<p>\u00dcber Mich 1965 in Neuss geboren Kompetenz:Musikexamen in K\u00f6ln (Klavier, Gesang, Schlagzeug)Studium der Musiktherapie in M\u00fcnsterSeit \u00fcber 30 Jahren Dozent an der St\u00e4dtischen Musikschulein Neuss und seit \u00fcber 10 Jahren an der St\u00e4dtischen Musikschule in Dormagen. Erfahrung:Seit mehr als 30 Jahren Auftrittserfahrung als Pianist und Keyboarder bei privaten Feierlichkeiten aller Art, Galas, Messen, Radio, Firmenveranstaltungen, [&hellip;]<\/p>\n","protected":false},"author":1,"featured_media":0,"parent":0,"menu_order":0,"comment_status":"closed","ping_status":"closed","template":"","meta":{"footnotes":""},"_links":{"self":[{"href":"https:\/\/detlefburket.de\/index.php?rest_route=\/wp\/v2\/pages\/123"}],"collection":[{"href":"https:\/\/detlefburket.de\/index.php?rest_route=\/wp\/v2\/pages"}],"about":[{"href":"https:\/\/detlefburket.de\/index.php?rest_route=\/wp\/v2\/types\/page"}],"author":[{"embeddable":true,"href":"https:\/\/detlefburket.de\/index.php?rest_route=\/wp\/v2\/users\/1"}],"replies":[{"embeddable":true,"href":"https:\/\/detlefburket.de\/index.php?rest_route=%2Fwp%2Fv2%2Fcomments&post=123"}],"version-history":[{"count":8,"href":"https:\/\/detlefburket.de\/index.php?rest_route=\/wp\/v2\/pages\/123\/revisions"}],"predecessor-version":[{"id":231,"href":"https:\/\/detlefburket.de\/index.php?rest_route=\/wp\/v2\/pages\/123\/revisions\/231"}],"wp:attachment":[{"href":"https:\/\/detlefburket.de\/index.php?rest_route=%2Fwp%2Fv2%2Fmedia&parent=123"}],"curies":[{"name":"wp","href":"https:\/\/api.w.org\/{rel}","templated":true}]}}