{"id":197,"date":"2024-05-25T13:39:57","date_gmt":"2024-05-25T13:39:57","guid":{"rendered":"https:\/\/detlefburket.de\/?page_id=197"},"modified":"2024-05-25T15:07:30","modified_gmt":"2024-05-25T15:07:30","slug":"unterricht-2","status":"publish","type":"page","link":"https:\/\/detlefburket.de\/?page_id=197","title":{"rendered":"Unterricht"},"content":{"rendered":"\n<div class=\"wp-block-group alignfull has-global-padding is-layout-constrained wp-block-group-is-layout-constrained\" style=\"margin-top:0;margin-bottom:0;padding-top:var(--wp--preset--spacing--50);padding-right:var(--wp--preset--spacing--50);padding-bottom:var(--wp--preset--spacing--50);padding-left:var(--wp--preset--spacing--50)\">\n<div class=\"wp-block-columns alignwide are-vertically-aligned-center is-layout-flex wp-container-core-columns-is-layout-1 wp-block-columns-is-layout-flex\">\n<div class=\"wp-block-column is-vertically-aligned-center is-layout-flow wp-block-column-is-layout-flow\" style=\"flex-basis:50%\">\n<h2 class=\"wp-block-heading\"><a href=\"https:\/\/detlefburket.de\/?page_id=125\">Klavier, Keyboard, Theorie<\/a><\/h2>\n\n\n\n<p>Durch mein Musikstudium in K\u00f6ln und mein Musiktherapiestudium in M\u00fcnster und meiner \u00fcber 30-j\u00e4hrigen T\u00e4tigkeit als Dozent an den st\u00e4dtischen Musikschulen Neuss und Dormagen, konnte ich meine p\u00e4dagogische Erfahrung immer weiter ausbauen.<\/p>\n\n\n\n<p>Wichtig sind mir beim Klavierunterricht ein auf den oder die Sch\u00fcler individuell abgestimmtes Unterrichtskonzept, das z.B. bei Wiedereinsteigern oder besonderen W\u00fcnschen unterschiedlichst gestaltet werden kann.<\/p>\n\n\n\n<p><strong>Folgende&nbsp;Unterrichtsinhalte biete ich an:<br><\/strong>Klavier, Keyboard, Theorie, Harmonielehre, Geh\u00f6rbildung.<\/p>\n\n\n\n<p><strong>F\u00fcr wen?<\/strong><mark style=\"background-color:rgba(0, 0, 0, 0);color:#fff5f1\" class=\"has-inline-color\"> <\/mark>Kinder \/ Jungendliche \/ Erwachsene \/ Senioren<br><strong>Wie?<\/strong> Einzel- \/ Gruppenunterricht<\/p>\n\n\n\n<div class=\"wp-block-buttons is-layout-flex wp-block-buttons-is-layout-flex\">\n<div class=\"wp-block-button is-style-fill\"><a class=\"wp-block-button__link wp-element-button\" href=\"https:\/\/detlefburket.de\/?page_id=206\">Kontaktieren Sie mich unverbindlich<\/a><\/div>\n<\/div>\n<\/div>\n\n\n\n<div class=\"wp-block-column is-vertically-aligned-center is-layout-flow wp-block-column-is-layout-flow\" style=\"flex-basis:50%\">\n<figure class=\"wp-block-image size-full is-style-rounded\"><img loading=\"lazy\" decoding=\"async\" width=\"612\" height=\"424\" src=\"https:\/\/detlefburket.de\/wp-content\/uploads\/2024\/05\/portrait_10.jpg\" alt=\"\" class=\"wp-image-192\" style=\"aspect-ratio:4\/3;object-fit:cover\" srcset=\"https:\/\/detlefburket.de\/wp-content\/uploads\/2024\/05\/portrait_10.jpg 612w, https:\/\/detlefburket.de\/wp-content\/uploads\/2024\/05\/portrait_10-300x208.jpg 300w\" sizes=\"(max-width: 612px) 100vw, 612px\" \/><\/figure>\n<\/div>\n<\/div>\n<\/div>\n","protected":false},"excerpt":{"rendered":"<p>Klavier, Keyboard, Theorie Durch mein Musikstudium in K\u00f6ln und mein Musiktherapiestudium in M\u00fcnster und meiner \u00fcber 30-j\u00e4hrigen T\u00e4tigkeit als Dozent an den st\u00e4dtischen Musikschulen Neuss und Dormagen, konnte ich meine p\u00e4dagogische Erfahrung immer weiter ausbauen. Wichtig sind mir beim Klavierunterricht ein auf den oder die Sch\u00fcler individuell abgestimmtes Unterrichtskonzept, das z.B. bei Wiedereinsteigern oder besonderen [&hellip;]<\/p>\n","protected":false},"author":1,"featured_media":0,"parent":0,"menu_order":0,"comment_status":"closed","ping_status":"closed","template":"","meta":{"footnotes":""},"_links":{"self":[{"href":"https:\/\/detlefburket.de\/index.php?rest_route=\/wp\/v2\/pages\/197"}],"collection":[{"href":"https:\/\/detlefburket.de\/index.php?rest_route=\/wp\/v2\/pages"}],"about":[{"href":"https:\/\/detlefburket.de\/index.php?rest_route=\/wp\/v2\/types\/page"}],"author":[{"embeddable":true,"href":"https:\/\/detlefburket.de\/index.php?rest_route=\/wp\/v2\/users\/1"}],"replies":[{"embeddable":true,"href":"https:\/\/detlefburket.de\/index.php?rest_route=%2Fwp%2Fv2%2Fcomments&post=197"}],"version-history":[{"count":8,"href":"https:\/\/detlefburket.de\/index.php?rest_route=\/wp\/v2\/pages\/197\/revisions"}],"predecessor-version":[{"id":238,"href":"https:\/\/detlefburket.de\/index.php?rest_route=\/wp\/v2\/pages\/197\/revisions\/238"}],"wp:attachment":[{"href":"https:\/\/detlefburket.de\/index.php?rest_route=%2Fwp%2Fv2%2Fmedia&parent=197"}],"curies":[{"name":"wp","href":"https:\/\/api.w.org\/{rel}","templated":true}]}}