{"id":6,"date":"2023-08-23T18:19:48","date_gmt":"2023-08-23T18:19:48","guid":{"rendered":"https:\/\/detlefburket.de\/?page_id=6"},"modified":"2024-05-25T14:23:16","modified_gmt":"2024-05-25T14:23:16","slug":"gestalte-deine-website-mit-bloecken","status":"publish","type":"page","link":"https:\/\/detlefburket.de\/","title":{"rendered":"Startseite"},"content":{"rendered":"\n<div class=\"wp-block-columns alignwide are-vertically-aligned-top is-layout-flex wp-container-core-columns-is-layout-1 wp-block-columns-is-layout-flex\">\n<div class=\"wp-block-column is-vertically-aligned-top is-layout-flow wp-block-column-is-layout-flow\">\n<h2 class=\"wp-block-heading\">Unterricht<\/h2>\n\n\n\n<div class=\"wp-block-cover is-light\" style=\"min-height:264px;aspect-ratio:unset;\"><span aria-hidden=\"true\" class=\"wp-block-cover__background has-background-dim\"><\/span><img loading=\"lazy\" decoding=\"async\" width=\"635\" height=\"323\" class=\"wp-block-cover__image-background wp-image-76\" alt=\"\" src=\"https:\/\/detlefburket.de\/wp-content\/uploads\/2023\/08\/portrait-3.png\" data-object-fit=\"cover\" srcset=\"https:\/\/detlefburket.de\/wp-content\/uploads\/2023\/08\/portrait-3.png 635w, https:\/\/detlefburket.de\/wp-content\/uploads\/2023\/08\/portrait-3-300x153.png 300w\" sizes=\"(max-width: 635px) 100vw, 635px\" \/><div class=\"wp-block-cover__inner-container has-global-padding is-layout-constrained wp-block-cover-is-layout-constrained\">\n<p class=\"has-text-align-center has-large-font-size\"><a href=\"http:\/\/detlefburket.de\/?page_id=197\" data-type=\"page\" data-id=\"125\">Klavier, Keyboard, Theorie<\/a><\/p>\n<\/div><\/div>\n\n\n\n<p>Durch mein Musikstudium in K\u00f6ln und mein Musiktherapiestudium in M\u00fcnster und meiner \u00fcber 30-j\u00e4hrigen T\u00e4tigkeit als Dozent an den st\u00e4dtischen Musikschulen Neuss und Dormagen, konnte ich meine p\u00e4dagogische Erfahrung immer weiter ausbauen.<\/p>\n\n\n\n<p>Ich unterrichte Klavier, Keyboard, Theorie, Harmonielehre, und Geh\u00f6rbildung im Einzel und Gruppenunterricht f\u00fcr alle Altersklassen.<\/p>\n<\/div>\n\n\n\n<div class=\"wp-block-column is-vertically-aligned-top is-layout-flow wp-block-column-is-layout-flow\">\n<h2 class=\"wp-block-heading\">Live Piano Musik<\/h2>\n\n\n\n<div class=\"wp-block-cover is-light\" style=\"min-height:264px;aspect-ratio:unset;\"><span aria-hidden=\"true\" class=\"wp-block-cover__background has-background-dim\"><\/span><img loading=\"lazy\" decoding=\"async\" width=\"635\" height=\"424\" class=\"wp-block-cover__image-background wp-image-29\" alt=\"\" src=\"https:\/\/detlefburket.de\/wp-content\/uploads\/2023\/08\/steinway-gesang_02.jpg\" data-object-fit=\"cover\" srcset=\"https:\/\/detlefburket.de\/wp-content\/uploads\/2023\/08\/steinway-gesang_02.jpg 635w, https:\/\/detlefburket.de\/wp-content\/uploads\/2023\/08\/steinway-gesang_02-300x200.jpg 300w\" sizes=\"(max-width: 635px) 100vw, 635px\" \/><div class=\"wp-block-cover__inner-container has-global-padding is-layout-constrained wp-block-cover-is-layout-constrained\">\n<p class=\"has-text-align-center has-large-font-size\"><a href=\"https:\/\/detlefburket.de\/?page_id=222\" data-type=\"page\" data-id=\"222\">Pianist und S\u00e4nger<\/a><\/p>\n<\/div><\/div>\n\n\n\n<p>Mit mehr als 30 Jahren Auftrittserfahrung als Pianist und Keyboarder bei privaten Feierlichkeiten aller Art, Galas, Messen, Radio, Firmenveranstaltungen, Jubil\u00e4en, Kreuzfahrten u.v.m.<\/p>\n<\/div>\n<\/div>\n","protected":false},"excerpt":{"rendered":"<p>Unterricht Durch mein Musikstudium in K\u00f6ln und mein Musiktherapiestudium in M\u00fcnster und meiner \u00fcber 30-j\u00e4hrigen T\u00e4tigkeit als Dozent an den st\u00e4dtischen Musikschulen Neuss und Dormagen, konnte ich meine p\u00e4dagogische Erfahrung immer weiter ausbauen. Ich unterrichte Klavier, Keyboard, Theorie, Harmonielehre, und Geh\u00f6rbildung im Einzel und Gruppenunterricht f\u00fcr alle Altersklassen. Live Piano Musik Mit mehr als 30 [&hellip;]<\/p>\n","protected":false},"author":1,"featured_media":0,"parent":0,"menu_order":0,"comment_status":"closed","ping_status":"closed","template":"page-no-title","meta":{"footnotes":""},"_links":{"self":[{"href":"https:\/\/detlefburket.de\/index.php?rest_route=\/wp\/v2\/pages\/6"}],"collection":[{"href":"https:\/\/detlefburket.de\/index.php?rest_route=\/wp\/v2\/pages"}],"about":[{"href":"https:\/\/detlefburket.de\/index.php?rest_route=\/wp\/v2\/types\/page"}],"author":[{"embeddable":true,"href":"https:\/\/detlefburket.de\/index.php?rest_route=\/wp\/v2\/users\/1"}],"replies":[{"embeddable":true,"href":"https:\/\/detlefburket.de\/index.php?rest_route=%2Fwp%2Fv2%2Fcomments&post=6"}],"version-history":[{"count":43,"href":"https:\/\/detlefburket.de\/index.php?rest_route=\/wp\/v2\/pages\/6\/revisions"}],"predecessor-version":[{"id":239,"href":"https:\/\/detlefburket.de\/index.php?rest_route=\/wp\/v2\/pages\/6\/revisions\/239"}],"wp:attachment":[{"href":"https:\/\/detlefburket.de\/index.php?rest_route=%2Fwp%2Fv2%2Fmedia&parent=6"}],"curies":[{"name":"wp","href":"https:\/\/api.w.org\/{rel}","templated":true}]}}